t u(a) = 5*a**2 - 938*a - 936. Calculate u(-1).
7
Let r(x) = -211*x - 645. Calculate r(-3).
-12
Let t(i) = -i**3 - 79*i**2 + 10*i + 6949. What is t(-78)?
85
Let z(l) = l**2 - 36*l + 11. Calculate z(37).
48
Let n(l) = -l**3 + 111*l**2 - 2927*l + 209. Determine n(68).
5
Let n(c) = 116*c**2 - 42224*c + 6. What is n(364)?
6
Let o(i) = i**3 + 55*i**2 - 57*i - 44. Calculate o(-56).
12
Let p(k) = k**3 - 69*k**2 + 1003*k + 148. Give p(21).
43
Let j(m) = -10*m - 197. Determine j(-21).
13
Let t(u) = 82*u - 414. Determine t(4).
-86
Let s(c) = 33*c**2 - 2*c + 293. Give s(0).
293
Let g(m) = m**3 + 7*m**2 - 61*m - 19. Give g(0).
-19
Let h(n) = 2*n**2 - 42*n + 325. What is h(15)?
145
Let u(p) = p**2 - 46*p - 374. Calculate u(53).
-3
Let x(z) = -56*z - 1582. Determine x(-33).
266
Let s(g) = -39*g - 507. Give s(-13).
0
Let s(d) = -d**3 - 46*d**2 - 91*d + 34. What is s(-44)?
166
Let y(v) = -68*v - 1166. What is y(-17)?
-10
Let u(y) = 10*y**3 - 442*y**2 + 88*y - 18. Give u(44).
-18
Let i(a) = a**3 - 43*a**2 - 328*a + 1. Determine i(-7).
-153
Let g(v) = -30*v**2 - 1351*v - 4918. Determine g(-4).
6
Let f(m) = 664*m + 32544. Determine f(-49).
8
Let l(x) = -237*x + 1201. Determine l(5).
16
Let j(x) = x**3 + 4*x**2 + 7*x + 18. What is j(-6)?
-96
Let l(n) = -26*n - 156. Give l(-8).
52
Let n(h) = -105*h - 402. Calculate n(-4).
18
Let p(s) = -2*s**3 + 22*s**2 - 51*s - 34. What is p(7)?
1
Let g(d) = -d**3 + 13*d**2 + 39*d - 541. What is g(13)?
-34
Let g(o) = -o**2 - 65*o + 22. Calculate g(-52).
698
Let s(q) = 2*q**3 + 26*q**2 - 36*q - 114. Determine s(-14).
-2
Let a(f) = -f**3 - 26*f**2 + 54*f + 38. Determine a(-28).
94
Let c(p) = 7*p + 424. Determine c(-49).
81
Let b(l) = 13368*l + 13371. What is b(-1)?
3
Let i(z) = -17*z + 1445. Give i(85).
0
Let p(n) = n**3 + 17*n**2 - 43*n - 95. Calculate p(-19).
0
Let u(d) = -d**3 + 8*d**2 - 11*d - 19. Give u(6).
-13
Let i(n) = 20*n + 68. What is i(-4)?
-12
Let j(a) = 428*a + 836. Calculate j(-2).
-20
Let l(t) = 90*t + 169. Calculate l(-2).
-11
Let b(m) = m**3 + 36*m**2 - 97*m - 3489. What is b(-36)?
3
Let i(d) = 11*d**2 + 16*d - 56. Calculate i(2).
20
Let d(n) = -107*n**2 + 1413*n - 1551. Calculate d(12).
-3
Let q(c) = c**2 + 46*c + 73. Determine q(-43).
-56
Let l(n) = -4*n**2 + 78*n - 435. Give l(9).
-57
Let c(l) = -2*l**3 + 21*l**2 + 29*l - 2. Calculate c(12).
-86
Let x(i) = -24*i**2 - 144*i - 17. Calculate x(-5).
103
Let w(f) = 2*f**2 - 3*f - 305. Give w(16).
159
Let a(p) = -p**2 - 5*p + 8. Calculate a(3).
-16
Let a(h) = h**3 - 8*h**2 - 28*h + 118. Calculate a(10).
38
Let j(y) = 3*y**3 - 23*y**2 - 29*y - 13. What is j(9)?
50
Let d(p) = -43*p + 2977. Give d(69).
10
Let u(q) = q**3 - 7*q**2 + 4*q - 22. Give u(5).
-52
Let k(c) = -2*c**3 + 95*c**2 - 44*c - 138. What is k(47)?
3
Let v(i) = 286*i - 1436. What is v(5)?
-6
Let h(j) = -3*j**2 - 25*j + 634. Calculate h(11).
-4
Let o(i) = 4*i**2 - 131*i - 259. Determine o(-2).
19
Let z(q) = -136*q + 49093. What is z(361)?
-3
Let h(z) = -7*z - 28. What is h(-23)?
133
Let u(t) = -39*t**2 + 6*t + 6. What is u(-1)?
-39
Let m(f) = -f**3 - 24*f**2 - 35*f - 71. Determine m(-23).
205
Let c(v) = -v**2 + 127*v + 13. Determine c(0).
13
Let d(o) = 1512*o - 19633. Determine d(13).
23
Let d(b) = -2*b**2 - 70*b + 1637. Give d(16).
5
Let b(f) = -50*f + 4399. Determine b(86).
99
Let c(z) = z**3 + 40*z**2 + 43*z - 47. Determine c(-39).
-203
Let t(w) = 4*w - 335. What is t(84)?
1
Let d(t) = 2*t**2 - 59*t - 1710. Calculate d(-18).
0
Let g(j) = -983*j + 14748. Give g(15).
3
Let c(q) = 2*q**3 + 2*q**2 - 28*q - 10. What is c(3)?
-22
Let u(n) = -5*n**3 + 20*n**2 + 166*n - 15. Determine u(8).
33
Let p(y) = y**3 + 48*y**2 + 225*y + 354. Calculate p(-43).
-76
Let s(w) = -w**2 + 102*w - 2068. Give s(74).
4
Let y(s) = s**3 - 5*s**2 - s + 1. What is y(5)?
-4
Let y(w) = -5*w**3 + 85*w**2 - 351*w + 7. Give y(10).
-3
Let y(l) = l**2 + 46*l - 121. What is y(-55)?
374
Let k(z) = 4*z**3 + 46*z**2 + 55*z - 22. What is k(-10)?
28
Let r(h) = 196*h + 9402. Give r(-48).
-6
Let r(v) = -v**3 - 10*v**2 + 2*v - 6. Determine r(-3).
-75
Let k(q) = q**3 - 6*q**2 - 3*q - 52. Calculate k(7).
-24
Let h(a) = 4*a**2 + 2*a - 39. Give h(-4).
17
Let i(x) = -x**2 + 103*x - 856. What is i(9)?
-10
Let b(t) = t**2 + 94*t - 118. Determine b(0).
-118
Let l(d) = d**3 - 15*d**2 + 33*d + 50. Give l(-1).
1
Let i(s) = 2*s**3 - 52*s**2 - 22*s - 872. Determine i(27).
-8
Let a(b) = -583*b + 13397. Determine a(23).
-12
Let i(p) = 17*p + 1274. Calculate i(-75).
-1
Let h(y) = -21*y - 15. What is h(-3)?
48
Let v(j) = -50*j - 244. Calculate v(-7).
106
Let h(o) = 4*o**2 - 3*o - 40. Give h(-5).
75
Let z(f) = -f**3 - 23*f**2 + 72*f + 4. Determine z(-26).
160
Let p(l) = 4*l**2 + 274*l - 666. Determine p(-71).
44
Let p(x) = -20768*x - 62297. Determine p(-3).
7
Let t(w) = 4*w**2 + 59*w - 2. What is t(-14)?
-44
Let c(v) = 9*v**2 + 163*v - 169. Determine c(-19).
-17
Let j(m) = -2*m**2 + 6*m - 41. What is j(17)?
-517
Let z(j) = 186*j + 1644. Give z(-9).
-30
Let z(s) = 184*s - 921. Calculate z(5).
-1
Let p(j) = j**2 + 66*j + 442. Give p(-15).
-323
Let q(z) = -z**2 + 40*z + 271. What is q(-6)?
-5
Let k(w) = 4*w**3 + 9*w**2 + 6*w + 14. Calculate k(-4).
-122
Let u(v) = v**2 - 8*v - 268. Calculate u(-20).
292
Let j(m) = 2*m**2 + 51*m + 76. Determine j(-24).
4
Let k(a) = a**2 - 134*a - 622. Calculate k(-5).
73
Let r(k) = 172*k + 152. Determine r(-1).
-20
Let i(c) = -63*c + 16. Calculate i(-2).
142
Let t(g) = -4*g**3 + 80*g**2 - 11*g + 50. Calculate t(20).
-170
Let a(j) = j**3 + 20*j**2 - 24*j + 1. What is a(-21)?
64
Let h(k) = 1225*k - 4714. Calculate h(4).
186
Let b(m) = -m**3 - 82*m**2 + 272*m + 1446. What is b(-85)?
1
Let a(f) = -f**3 - 8*f**2 + 11*f + 17. What is a(-7)?
-109
Let p(y) = 2*y**2 - 11*y + 4. Calculate p(10).
94
Let x(a) = -a**2 + 89*a + 273. Calculate x(-3).
-3
Let i(g) = -3*g**3 + 104*g**2 - 65*g - 82. What is i(34)?
20
Let u(f) = -97*f - 189. What is u(-2)?
5
Let v(y) = y**3 + 40*y**2 - 109*y + 859. Give v(-43).
-1
Let o(z) = z**2 - 18*z - 53. Determine o(-13).
350
Let c(u) = 29*u + 4. What is c(3)?
91
Let f(z) = 8*z**3 + 35*z**2 + 7*z + 9. Calculate f(-5).
-151
Let t(s) = -s**2 - 11*s + 1097. Determine t(-34).
315
Let k(c) = 317*c + 6328. What is k(-20)?
-12
Let a(y) = -2*y**2 - 120*y + 171. Calculate a(-62).
-77
Let q(r) = -r**3 + 16*r**2 + 137*r + 34. Calculate q(22).
144
Let q(j) = -2*j**3 + j**2 + 18*j + 21. Calculate q(0).
21
Let n(b) = 6*b**2 + 36*b + 4. Calculate n(0).
4
Let z(q) = 2*q**2 - 15*q - 5. Determine z(7).
-12
Let c(d) = -4*d**2 - 33*d - 17. Determine c(-5).
48
Let a(k) = -2*k**3 + 36*k**2 + 87*k - 141. Calculate a(20).
-1
Let z(v) = 2*v**3 - 229*v**2 - 1194*v + 17. Determine z(-5).
12
Let t(w) = 3*w**3 + 58*w**2 - 181*w - 102. Calculate t(-22).
8
Let f(g) = -306*g + 3511. Calculate f(11).
145
Let j(p) = -71*p + 77. Determine j(1).
6
Let t(d) = 35*d - 793. Determine t(22).
-23
Let x(t) = -2*t**2 - 18*t - 44. Calculate x(-4).
-4
Let d(j) = 44*j + 1902. Give d(-43).
10
Let h(f) = -f**3 + 9*f**2 - f - 5. Determine h(9).
-14
Let b(k) = -307*k + 1220. What is b(4)?
-8
Let m(y) = -y**2 + 162*y - 1024. Determine m(154).
208
Let q(t) = -337*t - 23234. What is q(-69)?
19
Let c(z) = -123*z + 237. What is c(2)?
-9
Let w(t) = -7*t**3 - 132*t**2 + 17*t - 10. Determine w(-19).
28
Let c(t) = 105*t**2 + 4516*t + 42. Give c(-43).
-1
Let b(h) = 13*h**2 - 195*h + 2. Determine b(15).
2
Let b(s) = -15*s**2 + 127*s + 56. Give b(9).
-16
Let b(c) = 451*c - 3596. Determine b(8).
12
Let b(y) = 2*y**2 - 59*y - 593. What is b(-10)?
197
Let z(g) = -58*g - 163. Calculate z(-8).
301
Let l(h) = 2*h**3 - 7*h**2 - 6*h + 1. Give l(4).
-7
Let k(d) = 2*d**3 - 9*d**2 - 14*d + 14. Determine k(2).
-34
Let h(o) = 34*o + 569. What is h(-16)?
25
Let d(n) = -n**3 + 7*n**2 + 17*n - 48. Give d(2).
6
Let s(g) = -g**3 + 20*g**2 - 27*g + 14. Calculate s(19).
-138
Let v(i) = i**3 - 39*i**2 + 368*i - 98. Calculate v(15).
22
Let r(i) = 3*i**3 - 50*i**2 + 120*i - 664. What is r(15)?
11
Let t(b) = -b**3 - 7*b**2 - 18*b - 214. What is t(-8)?
-6
Let h(o) = 13*o + 554. Give h(-43).
-5
Let m(l) = l**2 + 162*l + 5598. Determine m(-50).
-2
Let a(l) = 44*l**2 - 2597*l + 44. Calculate a(59).
-15
Let m(r) = -29*r - 430. Give m(-14).
-24
Let f(r) = -r**3 - 153*r**2 + 465*r - 467. Calculate f(-156).
